t is the units digit of o?
8
Let r(d) = -234*d - 1. What is the hundreds digit of r(-1)?
2
What is the tens digit of 2 + ((-4098)/(-24))/((-3)/(-12))?
8
Suppose -2*h - 6 = 0, 2*h + 24 = 3*n - 3*h. Suppose u = -x + 106, -n*u = x - 0*u - 102. What is the hundreds digit of x?
1
Suppose -150 = 2*p - 3*i, p + i = -76 + 6. Let g be (42/9)/(4/(-30)). Let f = g - p. What is the units digit of f?
7
Suppose -10*t + 11*t = 3, -2*z - 3*t - 49 = 0. Let d(h) = -4*h**2 - 3*h + 4. Let i be d(3). Let a = z - i. What is the tens digit of a?
1
Suppose 67*u + 1050 = 69*u. What is the tens digit of u?
2
Let t = -261 + 316. What is the tens digit of t?
5
Let v(p) = 17*p - 294. What is the units digit of v(42)?
0
Let o(x) = x**3 + 3*x**2 + x + 1. Suppose 12 + 6 = -9*b. Let f be o(b). Suppose -4*i + 5*r + 41 = 0, -3*r + 30 = f*i - 6*r. What is the units digit of i?
9
Let m = 686 + -390. What is the tens digit of m?
9
Suppose 0 = 3*s + 3*s - 12. Suppose s*q = -5*q + 539. What is the units digit of q?
7
Suppose -4*n = 5*u - 32, -5*u + 0*u + 3*n + 11 = 0. Suppose -r - u = r. What is the tens digit of (23/r)/((-9)/18)?
2
Let d be -1 + 15/6 + (-1)/(-2). Suppose 0 = 8*f - 3*f + 5, d*y - 433 = -3*f. What is the tens digit of y?
1
Let h be ((-28)/(-6))/((-14)/(-63)). Let x be 41*h/(2 - -1). Suppose q - 8*q = -x. What is the tens digit of q?
4
Suppose -15*f + 2298 = -9*f. What is the hundreds digit of f?
3
Suppose y + 5*j = 451, 5*j = 10*j - 5. What is the units digit of y?
6
Let j(x) = 9*x**2 + 5*x - 4. Let n be j(4). What is the tens digit of ((-1)/(-2))/(4/n)?
2
Let a = 1316 - -1120. What is the hundreds digit of a?
4
Let n(c) = -6*c + 7. Let m(u) = -19*u + 21. Let t(v) = 2*m(v) - 7*n(v). Let a be t(10). Let s = a + 0. What is the tens digit of s?
3
Suppose -g = 2*a - 2 - 2, 0 = -2*g. Suppose -b + 0*b = l - 108, a*l - 3*b = 201. What is the units digit of l?
5
What is the units digit of (-432)/(-40)*60/9?
2
Let k = -3 - -11. Let y = k - -21. Suppose -6*d = -7*d + y. What is the units digit of d?
9
Suppose -4*t + 5*y = -2*t - 35, -5*y = 25. Let d be -119 - (t - 4/4). Let m = -44 - d. What is the units digit of m?
9
Suppose -1610 = -8*g - 274. Let s = g + 15. What is the units digit of s?
2
Let s be 3 - 3/(-12)*-4. What is the tens digit of (s - (-3 + -92)) + (4 - 2)?
9
Let q = -21 - -42. Suppose -i - a + q = -0*i, -i + 25 = -a. What is the units digit of i?
3
What is the hundreds digit of 978/4*(-10 - 68/(-6))?
3
Let w = 39 + -2. Let i(u) = -u**2 + 17*u + 2. Let q be i(12). Let k = q - w. What is the units digit of k?
5
Let f(j) = 31*j**2 - 5*j + 13. What is the hundreds digit of f(-4)?
5
Let a be ((-84)/(2 - 4))/(2/(-4)). Let z = -13 - a. What is the tens digit of z?
7
Let v(h) = -51*h**3 + 16*h**2 + 6*h + 3. What is the units digit of v(-2)?
3
Let f = -2786 - -4022. What is the hundreds digit of f/(-16)*8/(-3)?
2
Let g = 11 + -12. Let n be -4*((4 - 2) + g). What is the units digit of 1722/154 + n/22?
1
Suppose 2*j - 3*u = 641, 0 = 43*j - 41*j - 4*u - 646. What is the hundreds digit of j?
3
Suppose -620 = -5*z - 5*v, 3*z = 4*z - 3*v - 104. Let x = 52 - 24. What is the units digit of (-2)/8 + z/x?
4
Let p = -2422 - -4157. What is the units digit of p?
5
Let o(h) = 66*h - 16. Let d be o(-4). Let f = d + 458. What is the hundreds digit of f?
1
Suppose -7*j + 3537 = -2665. What is the units digit of j?
6
Suppose -l = -0 + 2. Let c be l*(13/(-2) + 0). Suppose 3*w - f = f + 29, -w - c = 5*f. What is the units digit of w?
7
Suppose n + 4*n = -20. What is the tens digit of (-1)/n - (-940)/16?
5
Let u be 1060/22 - 4/22. Suppose -u + 5 = k. Let t = k - -78. What is the tens digit of t?
3
Suppose 0 = -2*z + 6*z - 940. Suppose 0 = 3*u + 2*u - z. Let f = u + -25. What is the tens digit of f?
2
Let s = 2 + -30. Let d be (-1094)/(-7) + 8/s. What is the units digit of d/18*(-6)/(-4)?
3
Suppose -11*k - 3*k + 6636 = 0. What is the hundreds digit of k?
4
Let h(o) = o**3 - 6*o**2 + 5*o + 3. Let z be h(5). What is the tens digit of 237/(6/2) - z?
7
Let a(j) be the second derivative of -4*j**3/3 - 4*j**2 + 9*j. What is the units digit of a(-2)?
8
Let z = -81 + 87. What is the hundreds digit of 28/z*609/14?
2
Let p(g) = -249*g + 749. What is the hundreds digit of p(-7)?
4
Suppose -4*g - 2*g = -30. Suppose -2*u + 5*q = -3*u - 2, -g*q = 5. Let y(h) = 7*h**2 - 3*h + 3. What is the units digit of y(u)?
7
Suppose -7*r = -2*r + 4*i + 23, -i + 31 = -4*r. What is the tens digit of ((-51)/(-9) + -1)/(r/(-84))?
5
Let d(o) = -o**3 + o**2 + o - 3. Let i be d(0). Suppose -q - 29 = -4*t - 8, -t + 5*q + 10 = 0. What is the tens digit of 21 + t + 6/i?
2
Suppose -4*g = -5*g + 4. Suppose g*t - 3*w - 85 = 403, -3*t = -w - 366. What is the hundreds digit of t?
1
Let x(t) = -28*t - 469. What is the tens digit of x(-39)?
2
Suppose 3*o = 113 + 2839. What is the units digit of o?
4
Suppose 5*j = -129 - 226. Suppose 131 = -6*m - 151. Let r = m - j. What is the tens digit of r?
2
Suppose 6*c = 2*c + 4. Let h(t) = 107*t + 3. What is the units digit of h(c)?
0
Let w(y) = 21*y**3 + 3*y - 11. What is the thousands digit of w(4)?
1
Let t(q) = 35*q + 562. What is the units digit of t(9)?
7
Suppose -z + 238 = 4*k, 5*k - 298 = -0*z - z. Suppose 66*r = k*r + 1332. What is the tens digit of r?
2
Let a = 82 + -78. Suppose 0*w + 3*n - 484 = -a*w, -2*w + 242 = -4*n. What is the hundreds digit of w?
1
Let i = -48 + 21. Let q = i + 31. What is the units digit of (-1)/(-2) - (-82)/q?
1
Suppose 15 = 3*r, -3*q + 405 + 551 = -2*r. Suppose -q = -4*j - 3*j. What is the units digit of j?
6
Suppose -3*d - 130 = -5*j, 9*d + 67 = 3*j + 5*d. What is the tens digit of j?
2
Let x(n) be the first derivative of 8*n**2 + 18*n - 18. What is the units digit of x(5)?
8
Let j(k) = 762*k + 89. What is the units digit of j(3)?
5
Suppose 7*k = 6*k + 780. What is the tens digit of k?
8
Suppose 29 + 47 = 19*p. Suppose -600 = -5*s - 5*w, -5*s - p*w + 2*w = -609. What is the hundreds digit of s?
1
Suppose 8*h = 183 + 169. Suppose -h + 178 = j. What is the tens digit of j?
3
Let n(f) = -2*f**3 - 19*f**2 - 13*f + 24. What is the hundreds digit of n(-12)?
9
Suppose 3*c - 9 = 45. Suppose -12*k + c = -9*k. Let a(i) = 3*i + 3. What is the tens digit of a(k)?
2
Suppose -12*u = -16*u + 16. Suppose 3*a + 4*d + 37 = u*a, -4*d + 209 = 5*a. What is the units digit of a?
1
What is the tens digit of (-45655)/(-138) - 2/(-12)?
3
Let h = -10629 - -15610. What is the tens digit of h?
8
Let z = 148 + -148. Suppose t + 7*m - 3*m + 44 = 0, 23 = -2*t + 5*m. Let a = z - t. What is the tens digit of a?
2
Let d = 46 - 24. Let i = 1 + d. Suppose p = -0*u + 3*u - 2, i = 2*p + 3*u. What is the units digit of p?
7
Suppose 3*z + 222 = -0*z. Let l = z + 108. What is the units digit of l?
4
Suppose 11*h - 1461 = 8*h. What is the hundreds digit of h?
4
Let p(z) = z**2 - 25*z - 6. What is the units digit of p(-9)?
0
Suppose 0 = -3*s + 447 + 45. What is the units digit of s?
4
Let i(r) = -3*r + 3. Let p be i(5). What is the units digit of 1/(-1 - p/9)?
3
What is the hundreds digit of (-5)/(10*(-8)/5296)?
3
What is the thousands digit of (6 - 87/9)/(2/(-1212))?
2
Let p(j) = 199*j**2 - j + 2. Let t be p(1). Suppose -t = -a - 4*f - f, -3*a + 4*f = -562. What is the tens digit of a?
9
Let q be 282/(-3)*4*1/8. Suppose 0 = -3*j + 2*h, -5*j = -3*j - 5*h + 11. What is the tens digit of (q/j)/((-1)/2)?
4
Let u(p) = 3*p**2 - 2*p + 6. Let h(q) = -4*q**2 + 3*q - 7. Let r(t) = -2*h(t) - 3*u(t). Let l be r(-4). Let j = l + 30. What is the tens digit of j?
1
Suppose 0 = 6*s - 24*s + 7902. What is the units digit of s?
9
Suppose 0*l - 475 = -2*l + d, -3*d - 15 = 0. What is the units digit of l?
5
Suppose -10*a + 23*a = 11362. What is the units digit of a?
4
Let c = 1561 + -1076. What is the tens digit of c?
8
Let h(q) = q**2 + 16*q - 19. Let r be h(12). Suppose 7*b + 23 - r = 0. What is the tens digit of b?
4
Let f(c) = -6*c - 2. Let o be f(-1). Suppose 2*a = -3*i, 5*a + 0*a + 7 = -o*i. Let n(y) = 10*y**2 + 1. What is the units digit of n(i)?
1
Let b = -4 - -9. Suppose 0 = b*p - 3*p. Suppose 6*l - 2*l - 32 = p. What is the units digit of l?
8
Let w = 28 + -29. What is the tens digit of (w/1)/(3/(-192))?
6
Let v = -549 + 845. What is the hundreds digit of v?
2
Let q(b) be the third derivative of -b**6/120 -